{"id":14108,"date":"2020-12-07T09:11:39","date_gmt":"2020-12-07T13:11:39","guid":{"rendered":"https:\/\/www.lirapopular.cl\/lirapopularxix\/?page_id=14108"},"modified":"2020-12-07T09:11:39","modified_gmt":"2020-12-07T13:11:39","slug":"triste-ejecucion-en-rancagua","status":"publish","type":"page","link":"https:\/\/www.lirapopular.cl\/lirapopularxix\/triste-ejecucion-en-rancagua\/","title":{"rendered":"Triste ejecucion en Rancagua del reo Saturnino Gonz\u00e1lez<br>Triple homicidio<br>Horrible i salvaje cr\u00edmen en Casablanca. \u2014 El hombre muerto con una carretilla de caballo"},"content":{"rendered":"\n<div class=\"wp-block-image\"><figure class=\"alignright size-medium\"><a href=\"https:\/\/www.lirapopular.cl\/lirapopularxix\/wp-content\/uploads\/2020\/12\/LO0012389.jpg\"><img loading=\"lazy\" decoding=\"async\" width=\"300\" height=\"196\" src=\"https:\/\/www.lirapopular.cl\/lirapopularxix\/wp-content\/uploads\/2020\/12\/LO0012389-300x196.jpg\" alt=\"\" class=\"wp-image-14109\" srcset=\"https:\/\/www.lirapopular.cl\/lirapopularxix\/wp-content\/uploads\/2020\/12\/LO0012389-300x196.jpg 300w, https:\/\/www.lirapopular.cl\/lirapopularxix\/wp-content\/uploads\/2020\/12\/LO0012389-768x502.jpg 768w, https:\/\/www.lirapopular.cl\/lirapopularxix\/wp-content\/uploads\/2020\/12\/LO0012389.jpg 1000w\" sizes=\"auto, (max-width: 300px) 100vw, 300px\" \/><\/a><figcaption>Archivo de Literatura Oral<br>Colecci\u00f3n Alamiro de \u00c1vila<\/figcaption><\/figure><\/div>\n\n\n\n<p>Autor: Daniel Meneses. Poeta chileno.<br>Impresor: Imp. Moneda 843<br>Tama\u00f1o: 54 x 39 cm<br>Clasificaci\u00f3n: BN C\u00f3digo:\u00a0LO0012389<\/p>\n\n\n\n<ul class=\"wp-block-list\"><li><a href=\"https:\/\/www.lirapopular.cl\/lirapopularxix\/2020\/12\/07\/triste-ejecucionen-rancagua-del-reo-satur-nino-gonzalez-triple-ho-micidio\/\">Triste ejecuci\u00f3n en Rancagua del reo Saturnino Gonz\u00e1lez. Triple homicidio<\/a><\/li><li><a href=\"https:\/\/www.lirapopular.cl\/lirapopularxix\/2020\/12\/07\/versosa-ladivina-creacion-del-mundo\/\">Versos a la divina creaci\u00f3n del mundo<\/a><\/li><li><a href=\"https:\/\/www.lirapopular.cl\/lirapopularxix\/2020\/12\/07\/versos-historicos-2\/\">Versos hist\u00f3ricos. Algo de las haza\u00f1as de Heraclio, el rey de los bandidos en la Grecia<\/a><\/li><li><a href=\"https:\/\/www.lirapopular.cl\/lirapopularxix\/2020\/12\/07\/fuego-graneadoal-mismo-sabiondo-bio-bio\/\">Fuego graneado al mismo sabiondo Bio-Bio<\/a><\/li><li><a href=\"https:\/\/www.lirapopular.cl\/lirapopularxix\/2020\/12\/07\/recuerdos-amorosos\/\">Recuerdos amorosos<\/a><\/li><li><a href=\"https:\/\/www.lirapopular.cl\/lirapopularxix\/2020\/12\/07\/horrible-i-salvaje-crimen-casablanca\/\">Horrible y salvaje crimen en Casablanca. El hombre muerto con una carretilla de caballo<\/a><\/li><\/ul>\n\n\n\n<p>Nota: Este ejemplar tiene escrito a mano con plum\u00f3n \u201c63\u201d, por el reverso &#8220;220&#8221;.<br>Documento optimizado digitalmente.<\/p>\n","protected":false},"excerpt":{"rendered":"<p>Autor: Daniel Meneses. Poeta chileno.Impresor: Imp. Moneda 843Tama\u00f1o: 54 x 39 cmClasificaci\u00f3n: BN C\u00f3digo:\u00a0LO0012389 Triste ejecuci\u00f3n en Rancagua del reo Saturnino Gonz\u00e1lez. Triple homicidio Versos a la divina creaci\u00f3n del mundo Versos hist\u00f3ricos. Algo de las haza\u00f1as de Heraclio, el rey de los bandidos en la Grecia Fuego graneado al mismo sabiondo Bio-Bio Recuerdos amorosos [&hellip;]<\/p>\n","protected":false},"author":1,"featured_media":0,"parent":0,"menu_order":0,"comment_status":"closed","ping_status":"closed","template":"","meta":{"footnotes":""},"class_list":["post-14108","page","type-page","status-publish","hentry"],"jetpack_sharing_enabled":true,"_links":{"self":[{"href":"https:\/\/www.lirapopular.cl\/lirapopularxix\/wp-json\/wp\/v2\/pages\/14108","targetHints":{"allow":["GET"]}}],"collection":[{"href":"https:\/\/www.lirapopular.cl\/lirapopularxix\/wp-json\/wp\/v2\/pages"}],"about":[{"href":"https:\/\/www.lirapopular.cl\/lirapopularxix\/wp-json\/wp\/v2\/types\/page"}],"author":[{"embeddable":true,"href":"https:\/\/www.lirapopular.cl\/lirapopularxix\/wp-json\/wp\/v2\/users\/1"}],"replies":[{"embeddable":true,"href":"https:\/\/www.lirapopular.cl\/lirapopularxix\/wp-json\/wp\/v2\/comments?post=14108"}],"version-history":[{"count":0,"href":"https:\/\/www.lirapopular.cl\/lirapopularxix\/wp-json\/wp\/v2\/pages\/14108\/revisions"}],"wp:attachment":[{"href":"https:\/\/www.lirapopular.cl\/lirapopularxix\/wp-json\/wp\/v2\/media?parent=14108"}],"curies":[{"name":"wp","href":"https:\/\/api.w.org\/{rel}","templated":true}]}}