{"id":1403,"date":"2019-07-07T15:56:34","date_gmt":"2019-07-07T19:56:34","guid":{"rendered":"https:\/\/www.lirapopular.cl\/lirapopularxix\/?page_id=1403"},"modified":"2019-07-07T15:56:34","modified_gmt":"2019-07-07T19:56:34","slug":"la-fiera-malvada","status":"publish","type":"page","link":"https:\/\/www.lirapopular.cl\/lirapopularxix\/la-fiera-malvada\/","title":{"rendered":"LA FIERA MALVADA"},"content":{"rendered":"\n<div class=\"wp-block-image\"><figure class=\"alignright\"><a href=\"https:\/\/www.lirapopular.cl\/lirapopularxix\/wp-content\/uploads\/2019\/07\/693.jpg\"><img loading=\"lazy\" decoding=\"async\" width=\"300\" height=\"241\" src=\"https:\/\/www.lirapopular.cl\/lirapopularxix\/wp-content\/uploads\/2019\/07\/693-300x241.jpg\" alt=\"\" class=\"wp-image-1404\" srcset=\"https:\/\/www.lirapopular.cl\/lirapopularxix\/wp-content\/uploads\/2019\/07\/693-300x241.jpg 300w, https:\/\/www.lirapopular.cl\/lirapopularxix\/wp-content\/uploads\/2019\/07\/693-768x617.jpg 768w, https:\/\/www.lirapopular.cl\/lirapopularxix\/wp-content\/uploads\/2019\/07\/693.jpg 1000w\" sizes=\"auto, (max-width: 300px) 100vw, 300px\" \/><\/a><figcaption>Colecci\u00f3n Lira Popular de la <br>Universidad de Chile<\/figcaption><\/figure><\/div>\n\n\n\n<p>RELACION del horroroso caso que sucedi\u00f3 en el pais de Jerusalen, de los estragos que hizo una fiera llamada ANIMAL SILVESTRE cuya forma era como la presente l\u00e1mina, por la cual toda la jente estaba atemorizada al ver que se perdian muchas personas i toda clase de animales, i por \u00faltimo se descubri\u00f3, como ver\u00e1 el curioso lector.<\/p>\n\n\n\n<p>Autor: An\u00f3nimo<br>Impresor: Impreso por P. Ramirez\u2013Ech\u00e1urren 6.<br>Tama\u00f1o: 25,6 x 32 cm<br>Clasificaci\u00f3n: 693 F452 Caja N\u00b03a<\/p>\n\n\n\n<ul class=\"wp-block-list\"><li><a href=\"https:\/\/www.lirapopular.cl\/lirapopularxix\/2019\/07\/07\/la-fiera-malvada\/\">La fiera malvada<\/a><\/li><\/ul>\n\n\n\n<p>Nota: Este ejemplar tiene escrito a mano con l\u00e1piz rojo \u201c693\u201d<\/p>\n","protected":false},"excerpt":{"rendered":"<p>RELACION del horroroso caso que sucedi\u00f3 en el pais de Jerusalen, de los estragos que hizo una fiera llamada ANIMAL SILVESTRE cuya forma era como la presente l\u00e1mina, por la cual toda la jente estaba atemorizada al ver que se perdian muchas personas i toda clase de animales, i por \u00faltimo se descubri\u00f3, como ver\u00e1 [&hellip;]<\/p>\n","protected":false},"author":1,"featured_media":0,"parent":0,"menu_order":0,"comment_status":"closed","ping_status":"closed","template":"","meta":{"footnotes":""},"class_list":["post-1403","page","type-page","status-publish","hentry"],"jetpack_sharing_enabled":true,"_links":{"self":[{"href":"https:\/\/www.lirapopular.cl\/lirapopularxix\/wp-json\/wp\/v2\/pages\/1403","targetHints":{"allow":["GET"]}}],"collection":[{"href":"https:\/\/www.lirapopular.cl\/lirapopularxix\/wp-json\/wp\/v2\/pages"}],"about":[{"href":"https:\/\/www.lirapopular.cl\/lirapopularxix\/wp-json\/wp\/v2\/types\/page"}],"author":[{"embeddable":true,"href":"https:\/\/www.lirapopular.cl\/lirapopularxix\/wp-json\/wp\/v2\/users\/1"}],"replies":[{"embeddable":true,"href":"https:\/\/www.lirapopular.cl\/lirapopularxix\/wp-json\/wp\/v2\/comments?post=1403"}],"version-history":[{"count":0,"href":"https:\/\/www.lirapopular.cl\/lirapopularxix\/wp-json\/wp\/v2\/pages\/1403\/revisions"}],"wp:attachment":[{"href":"https:\/\/www.lirapopular.cl\/lirapopularxix\/wp-json\/wp\/v2\/media?parent=1403"}],"curies":[{"name":"wp","href":"https:\/\/api.w.org\/{rel}","templated":true}]}}