{"id":13998,"date":"2020-12-05T15:03:15","date_gmt":"2020-12-05T19:03:15","guid":{"rendered":"https:\/\/www.lirapopular.cl\/lirapopularxix\/?page_id=13998"},"modified":"2020-12-05T15:03:15","modified_gmt":"2020-12-05T19:03:15","slug":"renido-combate-en-pencahue","status":"publish","type":"page","link":"https:\/\/www.lirapopular.cl\/lirapopularxix\/renido-combate-en-pencahue\/","title":{"rendered":"Re\u00f1ido combate en Pencahue<br>ENTRE BANDIDOS Y POLICIALES Y UN REO CONDENADO A MUERTE EN CONSTITUCION"},"content":{"rendered":"\n<div class=\"wp-block-image\"><figure class=\"alignright size-medium\"><a href=\"https:\/\/www.lirapopular.cl\/lirapopularxix\/wp-content\/uploads\/2020\/12\/LO0012339.jpg\"><img loading=\"lazy\" decoding=\"async\" width=\"300\" height=\"197\" src=\"https:\/\/www.lirapopular.cl\/lirapopularxix\/wp-content\/uploads\/2020\/12\/LO0012339-300x197.jpg\" alt=\"\" class=\"wp-image-13999\" srcset=\"https:\/\/www.lirapopular.cl\/lirapopularxix\/wp-content\/uploads\/2020\/12\/LO0012339-300x197.jpg 300w, https:\/\/www.lirapopular.cl\/lirapopularxix\/wp-content\/uploads\/2020\/12\/LO0012339-768x503.jpg 768w, https:\/\/www.lirapopular.cl\/lirapopularxix\/wp-content\/uploads\/2020\/12\/LO0012339.jpg 1000w\" sizes=\"auto, (max-width: 300px) 100vw, 300px\" \/><\/a><figcaption>Archivo de Literatura Oral<br>Colecci\u00f3n Alamiro de \u00c1vila<\/figcaption><\/figure><\/div>\n\n\n\n<p>Autor: Daniel Meneses. Poeta nacional chileno. Quebrada M\u00e1rquez. N\u00fam.61<br>Impresor: Sin informaci\u00f3n<br>Tama\u00f1o: 51 x 36 cm<br>Clasificaci\u00f3n: BN C\u00f3digo:\u00a0LO0012339<\/p>\n\n\n\n<ul class=\"wp-block-list\"><li><a href=\"https:\/\/www.lirapopular.cl\/lirapopularxix\/2020\/12\/05\/el-progresoy-la-ignorancia\/\">El progreso y la ignorancia<\/a><\/li><li><a href=\"https:\/\/www.lirapopular.cl\/lirapopularxix\/2020\/12\/05\/jenovevaes-llevada-al-desierto-paraquitarle-la-vida\/\">Genoveva es llevada al desierto para quitarle la vida<\/a><\/li><li><a href=\"https:\/\/www.lirapopular.cl\/lirapopularxix\/2020\/12\/05\/la-toma-del-puente-de-mantible\/\">Estribillo hist\u00f3rico. La toma del Puente de Mantible por Carlos Magno<\/a><\/li><li><a href=\"https:\/\/www.lirapopular.cl\/lirapopularxix\/2020\/12\/05\/un-desafio-al-autorde-lalira-portena\/\">Un desaf\u00edo al autor de la lira porte\u00f1a<\/a><\/li><li><a href=\"https:\/\/www.lirapopular.cl\/lirapopularxix\/2020\/12\/05\/renido-combate-en-pencahue\/\">Re\u00f1ido combate en Pencahue entre bandidos y policiales y un reo condenado a muerte en Constituci\u00f3n por haber asesinado a una tia a palos<\/a><\/li><li><a href=\"https:\/\/www.lirapopular.cl\/lirapopularxix\/2020\/12\/05\/el-condenado-a-muerte-2\/\">El condenado a muerte<\/a><\/li><li><a href=\"https:\/\/www.lirapopular.cl\/lirapopularxix\/2020\/12\/05\/dos-escandalosquecorrompen-a-la-juventud\/\">Dos esc\u00e1ndalos que corrompen a la juventud<\/a><\/li><\/ul>\n\n\n\n<p>Nota: Documento coloreado a mano.<br>Este ejemplar tiene escrito a mano con plum\u00f3n \u201c12\u201d, por el reverso &#8220;206&#8221;.<br>Documento optimizado digitalmente.<\/p>\n","protected":false},"excerpt":{"rendered":"<p>Autor: Daniel Meneses. Poeta nacional chileno. Quebrada M\u00e1rquez. N\u00fam.61Impresor: Sin informaci\u00f3nTama\u00f1o: 51 x 36 cmClasificaci\u00f3n: BN C\u00f3digo:\u00a0LO0012339 El progreso y la ignorancia Genoveva es llevada al desierto para quitarle la vida Estribillo hist\u00f3rico. La toma del Puente de Mantible por Carlos Magno Un desaf\u00edo al autor de la lira porte\u00f1a Re\u00f1ido combate en Pencahue entre [&hellip;]<\/p>\n","protected":false},"author":1,"featured_media":0,"parent":0,"menu_order":0,"comment_status":"closed","ping_status":"closed","template":"","meta":{"footnotes":""},"class_list":["post-13998","page","type-page","status-publish","hentry"],"jetpack_sharing_enabled":true,"_links":{"self":[{"href":"https:\/\/www.lirapopular.cl\/lirapopularxix\/wp-json\/wp\/v2\/pages\/13998","targetHints":{"allow":["GET"]}}],"collection":[{"href":"https:\/\/www.lirapopular.cl\/lirapopularxix\/wp-json\/wp\/v2\/pages"}],"about":[{"href":"https:\/\/www.lirapopular.cl\/lirapopularxix\/wp-json\/wp\/v2\/types\/page"}],"author":[{"embeddable":true,"href":"https:\/\/www.lirapopular.cl\/lirapopularxix\/wp-json\/wp\/v2\/users\/1"}],"replies":[{"embeddable":true,"href":"https:\/\/www.lirapopular.cl\/lirapopularxix\/wp-json\/wp\/v2\/comments?post=13998"}],"version-history":[{"count":0,"href":"https:\/\/www.lirapopular.cl\/lirapopularxix\/wp-json\/wp\/v2\/pages\/13998\/revisions"}],"wp:attachment":[{"href":"https:\/\/www.lirapopular.cl\/lirapopularxix\/wp-json\/wp\/v2\/media?parent=13998"}],"curies":[{"name":"wp","href":"https:\/\/api.w.org\/{rel}","templated":true}]}}