{"id":13029,"date":"2020-11-06T08:58:17","date_gmt":"2020-11-06T12:58:17","guid":{"rendered":"https:\/\/www.lirapopular.cl\/lirapopularxix\/?page_id=13029"},"modified":"2020-11-06T08:58:17","modified_gmt":"2020-11-06T12:58:17","slug":"el-testamento-del-alias-el-nuta","status":"publish","type":"page","link":"https:\/\/www.lirapopular.cl\/lirapopularxix\/el-testamento-del-alias-el-nuta\/","title":{"rendered":"EL TESTAMENTO DEL ALIAS EL \u00d1UTA <BR>TERRIBLE TIROTEO ENTRE AJENTES DE PESQUISA I BANDIDOS EN LA CALLE DE HERRERA"},"content":{"rendered":"\n<div class=\"wp-block-image\"><figure class=\"alignright size-medium\"><a href=\"https:\/\/www.lirapopular.cl\/lirapopularxix\/wp-content\/uploads\/2020\/11\/LO0012379.jpg\"><img loading=\"lazy\" decoding=\"async\" width=\"300\" height=\"193\" src=\"https:\/\/www.lirapopular.cl\/lirapopularxix\/wp-content\/uploads\/2020\/11\/LO0012379-300x193.jpg\" alt=\"\" class=\"wp-image-13030\" srcset=\"https:\/\/www.lirapopular.cl\/lirapopularxix\/wp-content\/uploads\/2020\/11\/LO0012379-300x193.jpg 300w, https:\/\/www.lirapopular.cl\/lirapopularxix\/wp-content\/uploads\/2020\/11\/LO0012379-768x494.jpg 768w, https:\/\/www.lirapopular.cl\/lirapopularxix\/wp-content\/uploads\/2020\/11\/LO0012379.jpg 1000w\" sizes=\"auto, (max-width: 300px) 100vw, 300px\" \/><\/a><figcaption>Archivo de Literatura Oral<br>Colecci\u00f3n Alamiro de \u00c1vila<\/figcaption><\/figure><\/div>\n\n\n\n<p>Autor: Daniel Meneses. Poeta popular chileno. Calle de Za\u00f1artu n\u00famero 1070,<br>Impresor: Imp. J. Gregorio Olivares. Maturana 884\u2014Santiago<br>Tama\u00f1o: 50 x 36 cm<br>Clasificaci\u00f3n: BN C\u00f3digo: LO0012379<\/p>\n\n\n\n<ul class=\"wp-block-list\"><li><a href=\"https:\/\/www.lirapopular.cl\/lirapopularxix\/2020\/11\/06\/a-los-poetas-sabihondos-de-nues-tras-musas-chilenas\/\">A los poetas sabihondos de nuestras musas chilenas<\/a><\/li><li><a href=\"https:\/\/www.lirapopular.cl\/lirapopularxix\/2020\/11\/06\/despedimiento-de-anjelito-a-lo-divino\/\">Despedimiento de angelito (a lo divino)<\/a><\/li><li><a href=\"https:\/\/www.lirapopular.cl\/lirapopularxix\/2020\/11\/06\/versos-de-puro-amor-15\/\">Versos de puro amor<\/a><\/li><li><a href=\"https:\/\/www.lirapopular.cl\/lirapopularxix\/2020\/11\/06\/el-testamento-del-alias-el-nuta-alsaber-que-le-ha-firmado-la-sen-tencia-de-muerte-el-juez-suma-riante\/\">El testamento del alias el \u00d1uta al saber que le ha firmado la sentencia de muerte el juez sumariante<\/a><\/li><li><a href=\"https:\/\/www.lirapopular.cl\/lirapopularxix\/2020\/11\/06\/terrible-tiroteo-entre-ajentes-dela-pesquisa-i-bandidos-en-lacalle-de-herrera\/\">Terrible tiroteo entre agentes de la pesquisa y bandidos, en la calle de Herrera<\/a><\/li><li><a href=\"https:\/\/www.lirapopular.cl\/lirapopularxix\/2020\/11\/06\/un-error-judicial\/\">Un error judicial<\/a><\/li><\/ul>\n\n\n\n<p>Nota: Este ejemplar tiene escrito a mano con l\u00e1piz azul &#8220;7&#8221; y con plum\u00f3n \u201c53\u201d, por el reverso sobre un papel &#8220;5&#8221;.<br>Documento optimizado digitalmente.<\/p>\n","protected":false},"excerpt":{"rendered":"<p>Autor: Daniel Meneses. Poeta popular chileno. Calle de Za\u00f1artu n\u00famero 1070,Impresor: Imp. J. Gregorio Olivares. Maturana 884\u2014SantiagoTama\u00f1o: 50 x 36 cmClasificaci\u00f3n: BN C\u00f3digo: LO0012379 A los poetas sabihondos de nuestras musas chilenas Despedimiento de angelito (a lo divino) Versos de puro amor El testamento del alias el \u00d1uta al saber que le ha firmado la [&hellip;]<\/p>\n","protected":false},"author":1,"featured_media":0,"parent":0,"menu_order":0,"comment_status":"closed","ping_status":"closed","template":"","meta":{"footnotes":""},"class_list":["post-13029","page","type-page","status-publish","hentry"],"jetpack_sharing_enabled":true,"_links":{"self":[{"href":"https:\/\/www.lirapopular.cl\/lirapopularxix\/wp-json\/wp\/v2\/pages\/13029","targetHints":{"allow":["GET"]}}],"collection":[{"href":"https:\/\/www.lirapopular.cl\/lirapopularxix\/wp-json\/wp\/v2\/pages"}],"about":[{"href":"https:\/\/www.lirapopular.cl\/lirapopularxix\/wp-json\/wp\/v2\/types\/page"}],"author":[{"embeddable":true,"href":"https:\/\/www.lirapopular.cl\/lirapopularxix\/wp-json\/wp\/v2\/users\/1"}],"replies":[{"embeddable":true,"href":"https:\/\/www.lirapopular.cl\/lirapopularxix\/wp-json\/wp\/v2\/comments?post=13029"}],"version-history":[{"count":0,"href":"https:\/\/www.lirapopular.cl\/lirapopularxix\/wp-json\/wp\/v2\/pages\/13029\/revisions"}],"wp:attachment":[{"href":"https:\/\/www.lirapopular.cl\/lirapopularxix\/wp-json\/wp\/v2\/media?parent=13029"}],"curies":[{"name":"wp","href":"https:\/\/api.w.org\/{rel}","templated":true}]}}