{"id":12772,"date":"2020-10-19T17:38:53","date_gmt":"2020-10-19T21:38:53","guid":{"rendered":"https:\/\/www.lirapopular.cl\/lirapopularxix\/?page_id=12772"},"modified":"2020-10-19T17:38:53","modified_gmt":"2020-10-19T21:38:53","slug":"drama-salvaje-por-causa-de-los-celos","status":"publish","type":"page","link":"https:\/\/www.lirapopular.cl\/lirapopularxix\/drama-salvaje-por-causa-de-los-celos\/","title":{"rendered":"DRAMA SALVAJE <br>Por causa de los celos, el marido que le peg\u00f3 treinta i seis pu\u00f1aladas<br>a la mujer i despues de muerta la degoll\u00f3"},"content":{"rendered":"<div class=\"wp-block-image\">\n<figure class=\"alignright size-medium\"><a href=\"https:\/\/www.lirapopular.cl\/lirapopularxix\/wp-content\/uploads\/2020\/10\/LO0012410.jpg\"><img loading=\"lazy\" decoding=\"async\" width=\"300\" height=\"191\" src=\"https:\/\/www.lirapopular.cl\/lirapopularxix\/wp-content\/uploads\/2020\/10\/LO0012410-300x191.jpg\" alt=\"\" class=\"wp-image-12773\" srcset=\"https:\/\/www.lirapopular.cl\/lirapopularxix\/wp-content\/uploads\/2020\/10\/LO0012410-300x191.jpg 300w, https:\/\/www.lirapopular.cl\/lirapopularxix\/wp-content\/uploads\/2020\/10\/LO0012410-768x490.jpg 768w, https:\/\/www.lirapopular.cl\/lirapopularxix\/wp-content\/uploads\/2020\/10\/LO0012410.jpg 1000w\" sizes=\"auto, (max-width: 300px) 100vw, 300px\" \/><\/a><figcaption>Archivo de Literatura Oral<br>Colecci\u00f3n Alamiro de \u00c1vila<\/figcaption><\/figure>\n<\/div>\n\n\n<p>Autor: Daniel Meneses. Poeta nacional chileno.<br>Impresor: Imp. Moneda 843<br>Tama\u00f1o: 53 x 39 cm<br>Clasificaci\u00f3n: BN C\u00f3digo:&nbsp;LO0012410<\/p>\n\n\n\n<ul class=\"wp-block-list\"><li><a href=\"https:\/\/www.lirapopular.cl\/lirapopularxix\/2020\/10\/19\/tercer-versode-la-vida-i-proezas-de-joa-quin-murieta-contrarrestado\/\">Tercer verso de la vida y proezas de Joaqu\u00edn Murieta, contrarrestado<\/a><\/li><li><a href=\"https:\/\/www.lirapopular.cl\/lirapopularxix\/2020\/10\/19\/el-contra-arresto\/\">El contra-arresto<\/a><\/li><li><a href=\"https:\/\/www.lirapopular.cl\/lirapopularxix\/2020\/10\/19\/versos-a-lo-divinolas-bondades-de-la-virjenpara-con-sus-devotos\/\">Versos a lo divino. Las bondades de la Virgen para con sus devotos<\/a><\/li><li><a href=\"https:\/\/www.lirapopular.cl\/lirapopularxix\/2020\/10\/19\/canto-para-cantarlea-la-virjen-del-rosario\/\">Canto para cantarle a la Virgen del Rosario<\/a><\/li><li><a href=\"https:\/\/www.lirapopular.cl\/lirapopularxix\/2020\/10\/19\/versos-dedicadosal-nino-de-sotaqui\/\">Versos dedicados al Ni\u00f1o de Sotaqu\u00ed<\/a><\/li><li><a href=\"https:\/\/www.lirapopular.cl\/lirapopularxix\/2020\/10\/19\/drama-salvajepor-causa-de-los-celos-el-ma-rido-que-le-pego-treintai-seis-punaladas-a-la-mujeri-despues-de-muerta-la-de-gollo\/\">Drama salvaje por causa de los celos, el marido que le peg\u00f3 treinta y seis pu\u00f1aladas a la mujer y despu\u00e9s de muerta la degoll\u00f3<\/a><\/li><li><a href=\"https:\/\/www.lirapopular.cl\/lirapopularxix\/2020\/10\/19\/la-carta-que-le-dirijeel-reo-fuentes-a-su-padre-desu-oscuro-calabozo\/\">La carta que le dirige el reo Fuentes a su padre de su oscuro calabozo<\/a><\/li><\/ul>\n\n\n\n<p>Nota: Este ejemplar tiene escrito a mano con plum\u00f3n \u201c84\u201d y por el reverso &#8220;190&#8221;.<br>Documento optimizado digitalmente.<\/p>\n","protected":false},"excerpt":{"rendered":"<p>Autor: Daniel Meneses. Poeta nacional chileno.Impresor: Imp. Moneda 843Tama\u00f1o: 53 x 39 cmClasificaci\u00f3n: BN C\u00f3digo:&nbsp;LO0012410 Tercer verso de la vida y proezas de Joaqu\u00edn Murieta, contrarrestado El contra-arresto Versos a lo divino. Las bondades de la Virgen para con sus devotos Canto para cantarle a la Virgen del Rosario Versos dedicados al Ni\u00f1o de Sotaqu\u00ed [&hellip;]<\/p>\n","protected":false},"author":1,"featured_media":0,"parent":0,"menu_order":0,"comment_status":"closed","ping_status":"closed","template":"","meta":{"footnotes":""},"class_list":["post-12772","page","type-page","status-publish","hentry"],"jetpack_sharing_enabled":true,"_links":{"self":[{"href":"https:\/\/www.lirapopular.cl\/lirapopularxix\/wp-json\/wp\/v2\/pages\/12772","targetHints":{"allow":["GET"]}}],"collection":[{"href":"https:\/\/www.lirapopular.cl\/lirapopularxix\/wp-json\/wp\/v2\/pages"}],"about":[{"href":"https:\/\/www.lirapopular.cl\/lirapopularxix\/wp-json\/wp\/v2\/types\/page"}],"author":[{"embeddable":true,"href":"https:\/\/www.lirapopular.cl\/lirapopularxix\/wp-json\/wp\/v2\/users\/1"}],"replies":[{"embeddable":true,"href":"https:\/\/www.lirapopular.cl\/lirapopularxix\/wp-json\/wp\/v2\/comments?post=12772"}],"version-history":[{"count":0,"href":"https:\/\/www.lirapopular.cl\/lirapopularxix\/wp-json\/wp\/v2\/pages\/12772\/revisions"}],"wp:attachment":[{"href":"https:\/\/www.lirapopular.cl\/lirapopularxix\/wp-json\/wp\/v2\/media?parent=12772"}],"curies":[{"name":"wp","href":"https:\/\/api.w.org\/{rel}","templated":true}]}}