{"id":1247,"date":"2019-06-25T16:14:49","date_gmt":"2019-06-25T20:14:49","guid":{"rendered":"https:\/\/www.lirapopular.cl\/lirapopularxix\/?page_id=1247"},"modified":"2019-06-25T16:14:49","modified_gmt":"2019-06-25T20:14:49","slug":"horrible-desgracia-en-las-calles-de-san-pablo-i-los-andes","status":"publish","type":"page","link":"https:\/\/www.lirapopular.cl\/lirapopularxix\/horrible-desgracia-en-las-calles-de-san-pablo-i-los-andes\/","title":{"rendered":"Horrible desgracia en las calles de San Pablo i los Andes"},"content":{"rendered":"\n<div class=\"wp-block-image\"><figure class=\"alignright\"><a href=\"https:\/\/www.lirapopular.cl\/lirapopularxix\/wp-content\/uploads\/2019\/06\/271.jpg\"><img loading=\"lazy\" decoding=\"async\" width=\"226\" height=\"300\" src=\"https:\/\/www.lirapopular.cl\/lirapopularxix\/wp-content\/uploads\/2019\/06\/271-226x300.jpg\" alt=\"\" class=\"wp-image-1251\" srcset=\"https:\/\/www.lirapopular.cl\/lirapopularxix\/wp-content\/uploads\/2019\/06\/271-226x300.jpg 226w, https:\/\/www.lirapopular.cl\/lirapopularxix\/wp-content\/uploads\/2019\/06\/271.jpg 752w\" sizes=\"auto, (max-width: 226px) 100vw, 226px\" \/><\/a><figcaption>Colecci\u00f3n Lira Popular de la <br>Universidad de Chile<\/figcaption><\/figure><\/div>\n\n\n\n<p>Autor: Rosa Araneda, Calle de los Andes, n\u00fam. 11-A<br>Impresor: Sin informaci\u00f3n<br>Tama\u00f1o: 37,2 x 26,7 cm<br>Clasificaci\u00f3n: 271 A663h Caja N\u00b03<br>BN C\u00f3digo:&nbsp;LO0012638<\/p>\n\n\n\n<ul class=\"wp-block-list\"><li><a href=\"https:\/\/www.lirapopular.cl\/lirapopularxix\/2019\/06\/25\/horrirle-desgracia-en-las-calles-san-pablo-y-los-andes-silva-y-pozo-muertos-a-bala\/\">Horrible desgracia en las calles de San Pablo i Los Andes<\/a><\/li><li><a href=\"https:\/\/www.lirapopular.cl\/lirapopularxix\/2019\/06\/25\/empacho-de-una-beata\/\">Empacho de una beata<\/a><\/li><li><a href=\"https:\/\/www.lirapopular.cl\/lirapopularxix\/2019\/06\/25\/reprension-y-consejo-al-mal-casado\/\">Reprensi\u00f3n y consejo al mal casado<\/a><\/li><li><a href=\"https:\/\/www.lirapopular.cl\/lirapopularxix\/2019\/06\/25\/el-mismo-asunto-a-una-amiga-veleidosa\/\">El mismo asunto a una amiga veleidosa<\/a><\/li><\/ul>\n\n\n\n<p>Nota: El 1er ejemplar tiene escrito a mano con l\u00e1piz de grafito &#8220;253\/271&#8221;.<br>La lira no tiene t\u00edtulo, usamos el de su primer verso. <br>Ejemplar en mal estado con zonas ilegibles.<br>El 2\u00ba ejemplar tiene escrito por el verso a mano con plum\u00f3n &#8220;312&#8221;. Por el reverso tiene escrito &#8220;291&#8221;<\/p>\n\n\n\n<div class=\"wp-block-image\"><figure class=\"alignright size-medium\"><a href=\"https:\/\/www.lirapopular.cl\/lirapopularxix\/wp-content\/uploads\/2020\/06\/LO0012638.jpg\"><img loading=\"lazy\" decoding=\"async\" width=\"300\" height=\"186\" src=\"https:\/\/www.lirapopular.cl\/lirapopularxix\/wp-content\/uploads\/2020\/06\/LO0012638-300x186.jpg\" alt=\"\" class=\"wp-image-9866\" srcset=\"https:\/\/www.lirapopular.cl\/lirapopularxix\/wp-content\/uploads\/2020\/06\/LO0012638-300x186.jpg 300w, https:\/\/www.lirapopular.cl\/lirapopularxix\/wp-content\/uploads\/2020\/06\/LO0012638-768x476.jpg 768w, https:\/\/www.lirapopular.cl\/lirapopularxix\/wp-content\/uploads\/2020\/06\/LO0012638.jpg 1000w\" sizes=\"auto, (max-width: 300px) 100vw, 300px\" \/><\/a><figcaption>Archivo de Literatura Oral<br>Colecci\u00f3n Alamiro de \u00c1vila<\/figcaption><\/figure><\/div>\n","protected":false},"excerpt":{"rendered":"<p>Autor: Rosa Araneda, Calle de los Andes, n\u00fam. 11-AImpresor: Sin informaci\u00f3nTama\u00f1o: 37,2 x 26,7 cmClasificaci\u00f3n: 271 A663h Caja N\u00b03BN C\u00f3digo:&nbsp;LO0012638 Horrible desgracia en las calles de San Pablo i Los Andes Empacho de una beata Reprensi\u00f3n y consejo al mal casado El mismo asunto a una amiga veleidosa Nota: El 1er ejemplar tiene escrito a [&hellip;]<\/p>\n","protected":false},"author":1,"featured_media":0,"parent":0,"menu_order":0,"comment_status":"closed","ping_status":"closed","template":"","meta":{"footnotes":""},"class_list":["post-1247","page","type-page","status-publish","hentry"],"jetpack_sharing_enabled":true,"_links":{"self":[{"href":"https:\/\/www.lirapopular.cl\/lirapopularxix\/wp-json\/wp\/v2\/pages\/1247","targetHints":{"allow":["GET"]}}],"collection":[{"href":"https:\/\/www.lirapopular.cl\/lirapopularxix\/wp-json\/wp\/v2\/pages"}],"about":[{"href":"https:\/\/www.lirapopular.cl\/lirapopularxix\/wp-json\/wp\/v2\/types\/page"}],"author":[{"embeddable":true,"href":"https:\/\/www.lirapopular.cl\/lirapopularxix\/wp-json\/wp\/v2\/users\/1"}],"replies":[{"embeddable":true,"href":"https:\/\/www.lirapopular.cl\/lirapopularxix\/wp-json\/wp\/v2\/comments?post=1247"}],"version-history":[{"count":0,"href":"https:\/\/www.lirapopular.cl\/lirapopularxix\/wp-json\/wp\/v2\/pages\/1247\/revisions"}],"wp:attachment":[{"href":"https:\/\/www.lirapopular.cl\/lirapopularxix\/wp-json\/wp\/v2\/media?parent=1247"}],"curies":[{"name":"wp","href":"https:\/\/api.w.org\/{rel}","templated":true}]}}