{"id":12387,"date":"2020-09-17T19:33:14","date_gmt":"2020-09-17T23:33:14","guid":{"rendered":"https:\/\/www.lirapopular.cl\/lirapopularxix\/?page_id=12387"},"modified":"2020-09-17T19:33:14","modified_gmt":"2020-09-17T23:33:14","slug":"crimen-salvaje-doble-parricidio","status":"publish","type":"page","link":"https:\/\/www.lirapopular.cl\/lirapopularxix\/crimen-salvaje-doble-parricidio\/","title":{"rendered":"Cr\u00edmen salvaje <br>Doble parricidio, el padre que ultim\u00f3 dos hijas a palo i des-<br>pues las quem\u00f3"},"content":{"rendered":"\n<div class=\"wp-block-image\"><figure class=\"alignright size-medium\"><a href=\"https:\/\/www.lirapopular.cl\/lirapopularxix\/wp-content\/uploads\/2020\/09\/LO0012399.jpg\"><img loading=\"lazy\" decoding=\"async\" width=\"300\" height=\"201\" src=\"https:\/\/www.lirapopular.cl\/lirapopularxix\/wp-content\/uploads\/2020\/09\/LO0012399-300x201.jpg\" alt=\"\" class=\"wp-image-12388\" srcset=\"https:\/\/www.lirapopular.cl\/lirapopularxix\/wp-content\/uploads\/2020\/09\/LO0012399-300x201.jpg 300w, https:\/\/www.lirapopular.cl\/lirapopularxix\/wp-content\/uploads\/2020\/09\/LO0012399-768x515.jpg 768w, https:\/\/www.lirapopular.cl\/lirapopularxix\/wp-content\/uploads\/2020\/09\/LO0012399.jpg 1000w\" sizes=\"auto, (max-width: 300px) 100vw, 300px\" \/><\/a><figcaption>Archivo de Literatura Oral<br>Colecci\u00f3n Alamiro de \u00c1vila<\/figcaption><\/figure><\/div>\n\n\n\n<p>Autor: Daniel Meneses. Poeta nacional chileno. Borgo\u00f1o, 1349.<br>Impresor: Imprenta Am\u00e9rica. Bandera 858, Santiago.<br>Tama\u00f1o: 55 x 38 cm<br>Clasificaci\u00f3n: BN C\u00f3digo:\u00a0LO0012399<\/p>\n\n\n\n<ul class=\"wp-block-list\"><li><a href=\"https:\/\/www.lirapopular.cl\/lirapopularxix\/2020\/09\/21\/fantasias-del-poetameneses\/\">Fantas\u00edas del poeta Meneses<\/a><\/li><li><a href=\"https:\/\/www.lirapopular.cl\/lirapopularxix\/2020\/09\/21\/versos-humoristicos\/\">Versos humor\u00edsticos<\/a><\/li><li><a href=\"https:\/\/www.lirapopular.cl\/lirapopularxix\/2020\/09\/21\/versospor-la-historia-de-carlo-mag-no-la-prision-de-oliveros\/\">Versos por la Historia de Carlo Magno. La prisi\u00f3n de Oliveros<\/a><\/li><li><a href=\"https:\/\/www.lirapopular.cl\/lirapopularxix\/2020\/09\/21\/las-alegaciasde-don-malaquias-conchaen-la-camara-de-diputados\/\">Las alegac\u00edas de don Malaqu\u00edas Concha en la C\u00e1mara de Diputados<\/a><\/li><li><a href=\"https:\/\/www.lirapopular.cl\/lirapopularxix\/2020\/09\/21\/horrible-crimenen-la-calle\/\">Horrible crimen en la calle de Valpara\u00edso. La mujer con el querido mata al marido a palo<\/a><\/li><li><a href=\"https:\/\/www.lirapopular.cl\/lirapopularxix\/2020\/09\/21\/crimen-salvajedoble-parricidio-el-padre-queultimo-dos-hijas-a-palo-i-des-pues-las-quemo\/\">Crimen salvaje. Doble parricidio, el padre que ultim\u00f3 dos hijas a palo y despu\u00e9s las quem\u00f3<\/a><\/li><\/ul>\n\n\n\n<p>Nota: Este ejemplar tiene escrito a mano con plum\u00f3n \u201c73\u201d, por el reverso con l\u00e1piz &#8220;198&#8221;.<br>Documento optimizado digitalmente.<\/p>\n","protected":false},"excerpt":{"rendered":"<p>Autor: Daniel Meneses. Poeta nacional chileno. Borgo\u00f1o, 1349.Impresor: Imprenta Am\u00e9rica. Bandera 858, Santiago.Tama\u00f1o: 55 x 38 cmClasificaci\u00f3n: BN C\u00f3digo:\u00a0LO0012399 Fantas\u00edas del poeta Meneses Versos humor\u00edsticos Versos por la Historia de Carlo Magno. La prisi\u00f3n de Oliveros Las alegac\u00edas de don Malaqu\u00edas Concha en la C\u00e1mara de Diputados Horrible crimen en la calle de Valpara\u00edso. La [&hellip;]<\/p>\n","protected":false},"author":1,"featured_media":0,"parent":0,"menu_order":0,"comment_status":"closed","ping_status":"closed","template":"","meta":{"footnotes":""},"class_list":["post-12387","page","type-page","status-publish","hentry"],"jetpack_sharing_enabled":true,"_links":{"self":[{"href":"https:\/\/www.lirapopular.cl\/lirapopularxix\/wp-json\/wp\/v2\/pages\/12387","targetHints":{"allow":["GET"]}}],"collection":[{"href":"https:\/\/www.lirapopular.cl\/lirapopularxix\/wp-json\/wp\/v2\/pages"}],"about":[{"href":"https:\/\/www.lirapopular.cl\/lirapopularxix\/wp-json\/wp\/v2\/types\/page"}],"author":[{"embeddable":true,"href":"https:\/\/www.lirapopular.cl\/lirapopularxix\/wp-json\/wp\/v2\/users\/1"}],"replies":[{"embeddable":true,"href":"https:\/\/www.lirapopular.cl\/lirapopularxix\/wp-json\/wp\/v2\/comments?post=12387"}],"version-history":[{"count":0,"href":"https:\/\/www.lirapopular.cl\/lirapopularxix\/wp-json\/wp\/v2\/pages\/12387\/revisions"}],"wp:attachment":[{"href":"https:\/\/www.lirapopular.cl\/lirapopularxix\/wp-json\/wp\/v2\/media?parent=12387"}],"curies":[{"name":"wp","href":"https:\/\/api.w.org\/{rel}","templated":true}]}}