{"id":12043,"date":"2020-09-06T13:06:59","date_gmt":"2020-09-06T17:06:59","guid":{"rendered":"https:\/\/www.lirapopular.cl\/lirapopularxix\/?page_id=12043"},"modified":"2020-09-06T13:06:59","modified_gmt":"2020-09-06T17:06:59","slug":"cinico-y-nefando-crimen","status":"publish","type":"page","link":"https:\/\/www.lirapopular.cl\/lirapopularxix\/cinico-y-nefando-crimen\/","title":{"rendered":"C\u00ednico y nefando Cr\u00edmen en Santiago, la Novia hace que el Pap\u00e1 y el hermano le <br>colgasen al Novio para flajelarlo y en seguida ella le clav\u00f3 la cara y el <br>cuerpo con UN PUNZON."},"content":{"rendered":"\n<div class=\"wp-block-image\"><figure class=\"alignright size-medium\"><a href=\"https:\/\/www.lirapopular.cl\/lirapopularxix\/wp-content\/uploads\/2020\/09\/LO0012337.jpg\"><img decoding=\"async\" src=\"https:\/\/www.lirapopular.cl\/lirapopularxix\/wp-content\/uploads\/2020\/09\/LO0012337-300x198.jpg\" alt=\"\" class=\"wp-image-12044\"\/><\/a><figcaption>Archivo de Literatura Oral<br>Colecci\u00f3n Alamiro de \u00c1vila<\/figcaption><\/figure><\/div>\n\n\n\n<p>Autor: Daniel Meneses. Poeta nacional chileno. Calle Santo Domingo N\u00ba 17, Santiago<br>Impresor: Imp. Sud-Americana-Tacna y Bolivar<br>Tama\u00f1o: 51 x 35 cm<br>Clasificaci\u00f3n: BN C\u00f3digo:\u00a0LO0012337<\/p>\n\n\n\n<ul class=\"wp-block-list\"><li><a href=\"https:\/\/www.lirapopular.cl\/lirapopularxix\/2020\/09\/06\/cinico-y-nefando-crimen\/\">C\u00ednico y nefando cr\u00edmen en Santiago, la novia hace que el pap\u00e1 y el hermano le colgasen al novio para flajelarlo y en seguida ella le clav\u00f3 la cara y el cuerpo con un punzon<\/a><\/li><li><a href=\"https:\/\/www.lirapopular.cl\/lirapopularxix\/2020\/09\/06\/viva-la-alianza-liberaltriunfo\/\">Viva la Alianza Liberal! Triunfo completo de don Germ\u00e1n Riesco y derrota de don Pedro Montt<\/a><\/li><li><a href=\"https:\/\/www.lirapopular.cl\/lirapopularxix\/2020\/09\/06\/triunfo-de-don-german-ries-co-y-derrota-de-donpedro-montt\/\">Triunfo de don Germ\u00e1n Riesco y derrota de don Pedro Montt.<\/a><\/li><\/ul>\n\n\n\n<p>Nota: Lira muy probablemente falsa, por la brevedad de versos y ortograf\u00eda diferente a la de D. Meneses, que adem\u00e1s nunca public\u00f3 con esa direcci\u00f3n. <br>Este ejemplar tiene escrito a mano con plum\u00f3n \u201c10\u201d, por el reverso con l\u00e1piz &#8220;207&#8221;.<br>Documento optimizado digitalmente.<\/p>\n","protected":false},"excerpt":{"rendered":"<p>Autor: Daniel Meneses. Poeta nacional chileno. Calle Santo Domingo N\u00ba 17, SantiagoImpresor: Imp. Sud-Americana-Tacna y BolivarTama\u00f1o: 51 x 35 cmClasificaci\u00f3n: BN C\u00f3digo:\u00a0LO0012337 C\u00ednico y nefando cr\u00edmen en Santiago, la novia hace que el pap\u00e1 y el hermano le colgasen al novio para flajelarlo y en seguida ella le clav\u00f3 la cara y el cuerpo con [&hellip;]<\/p>\n","protected":false},"author":1,"featured_media":0,"parent":0,"menu_order":0,"comment_status":"closed","ping_status":"closed","template":"","meta":{"footnotes":""},"class_list":["post-12043","page","type-page","status-publish","hentry"],"jetpack_sharing_enabled":true,"_links":{"self":[{"href":"https:\/\/www.lirapopular.cl\/lirapopularxix\/wp-json\/wp\/v2\/pages\/12043","targetHints":{"allow":["GET"]}}],"collection":[{"href":"https:\/\/www.lirapopular.cl\/lirapopularxix\/wp-json\/wp\/v2\/pages"}],"about":[{"href":"https:\/\/www.lirapopular.cl\/lirapopularxix\/wp-json\/wp\/v2\/types\/page"}],"author":[{"embeddable":true,"href":"https:\/\/www.lirapopular.cl\/lirapopularxix\/wp-json\/wp\/v2\/users\/1"}],"replies":[{"embeddable":true,"href":"https:\/\/www.lirapopular.cl\/lirapopularxix\/wp-json\/wp\/v2\/comments?post=12043"}],"version-history":[{"count":0,"href":"https:\/\/www.lirapopular.cl\/lirapopularxix\/wp-json\/wp\/v2\/pages\/12043\/revisions"}],"wp:attachment":[{"href":"https:\/\/www.lirapopular.cl\/lirapopularxix\/wp-json\/wp\/v2\/media?parent=12043"}],"curies":[{"name":"wp","href":"https:\/\/api.w.org\/{rel}","templated":true}]}}