{"id":11846,"date":"2020-08-29T16:59:38","date_gmt":"2020-08-29T20:59:38","guid":{"rendered":"https:\/\/www.lirapopular.cl\/lirapopularxix\/?page_id=11846"},"modified":"2020-08-29T16:59:38","modified_gmt":"2020-08-29T20:59:38","slug":"ultimos-crimenes","status":"publish","type":"page","link":"https:\/\/www.lirapopular.cl\/lirapopularxix\/ultimos-crimenes\/","title":{"rendered":"\u00a1ULTIMOS CRIMENES! <br>EL POETA JUAN MAURO BIO-BIO <br>Saluda al Pueblo de Santiago"},"content":{"rendered":"\n<div class=\"wp-block-image\"><figure class=\"alignright size-medium\"><a href=\"https:\/\/www.lirapopular.cl\/lirapopularxix\/wp-content\/uploads\/2020\/08\/LO0012546.jpg\"><img loading=\"lazy\" decoding=\"async\" width=\"300\" height=\"198\" src=\"https:\/\/www.lirapopular.cl\/lirapopularxix\/wp-content\/uploads\/2020\/08\/LO0012546-300x198.jpg\" alt=\"\" class=\"wp-image-11847\" srcset=\"https:\/\/www.lirapopular.cl\/lirapopularxix\/wp-content\/uploads\/2020\/08\/LO0012546-300x198.jpg 300w, https:\/\/www.lirapopular.cl\/lirapopularxix\/wp-content\/uploads\/2020\/08\/LO0012546-768x507.jpg 768w, https:\/\/www.lirapopular.cl\/lirapopularxix\/wp-content\/uploads\/2020\/08\/LO0012546.jpg 1000w\" sizes=\"auto, (max-width: 300px) 100vw, 300px\" \/><\/a><figcaption>Archivo de Literatura Oral<br>Colecci\u00f3n Alamiro de \u00c1vila<\/figcaption><\/figure><\/div>\n\n\n\n<p>Autor: Juan Mauro B\u00edo-B\u00edo<br>Impresor: Imprenta: Moneda, 1027<br>Tama\u00f1o: 55 x 39 cm<br>Clasificaci\u00f3n: BN C\u00f3digo:\u00a0LO0012546<\/p>\n\n\n\n<ul class=\"wp-block-list\"><li><a href=\"https:\/\/www.lirapopular.cl\/lirapopularxix\/2020\/08\/29\/proximo-fusilamiento-en-iquiqueel-reo-saldias-escondenado-a-muerte\/\">Pr\u00f3ximo fusilamiento en Iquique. El reo Sald\u00edas es condenado a muerte<\/a><\/li><li><a href=\"https:\/\/www.lirapopular.cl\/lirapopularxix\/2020\/08\/30\/crimen-en-la-calle-del-puenteun-loco-apunalea-una-mujercomentarios\/\">Crimen en la calle Puente. Un loco apu\u00f1alea una mujer. Comentarios<\/a><\/li><li><a href=\"https:\/\/www.lirapopular.cl\/lirapopularxix\/2020\/08\/31\/la-entrega-de-la-puna-de-atacamafallo-del-yanke-buchanan-nuestro-glorioso-tricolorenlodado-por-el-mismo-presidente-de-la-republica\/\">La entrega de la Puna de Atacama. Fallo del yankee Buchanan. Nuestro glorioso tricolor enlodado por el mismo Presidente de la Rep\u00fablica<\/a><\/li><li><a href=\"https:\/\/www.lirapopular.cl\/lirapopularxix\/2020\/08\/31\/luctuoso-suicidio-en-victoriauna-nina-de-18-anosse-precipita-en-el-rio-maipo\/\">Luctuoso suicidio en Victoria. Una ni\u00f1a de 18 a\u00f1os se precipita en el r\u00edo Maipo<\/a><\/li><li><a href=\"https:\/\/www.lirapopular.cl\/lirapopularxix\/2020\/08\/31\/latigazospara-algunos-poetas-ratas-de-laliteratura-popular-de-chile-dedicado-a-mis-lectores\/\">Latigazos para algunos poetas ratas de la literatura popular de Chile. Dedicado a mis lectores<\/a><\/li><li><a href=\"https:\/\/www.lirapopular.cl\/lirapopularxix\/2020\/08\/31\/juan-mauro-bio-bioinspirado-poeta-popularde-el-sur-de-concepcion\/\">Juan Mauro Bio-Bio. Inspirado poeta popular (de El Sur de Concepci\u00f3n)<\/a><\/li><\/ul>\n\n\n\n<p>Nota: Este ejemplar tiene escrito a mano con plum\u00f3n \u201c220\u201d, por el reverso sobre un papel, &#8220;75&#8221;.<br>Documento optimizado digitalmente.<\/p>\n","protected":false},"excerpt":{"rendered":"<p>Autor: Juan Mauro B\u00edo-B\u00edoImpresor: Imprenta: Moneda, 1027Tama\u00f1o: 55 x 39 cmClasificaci\u00f3n: BN C\u00f3digo:\u00a0LO0012546 Pr\u00f3ximo fusilamiento en Iquique. El reo Sald\u00edas es condenado a muerte Crimen en la calle Puente. Un loco apu\u00f1alea una mujer. Comentarios La entrega de la Puna de Atacama. Fallo del yankee Buchanan. Nuestro glorioso tricolor enlodado por el mismo Presidente de [&hellip;]<\/p>\n","protected":false},"author":1,"featured_media":0,"parent":0,"menu_order":0,"comment_status":"closed","ping_status":"closed","template":"","meta":{"footnotes":""},"class_list":["post-11846","page","type-page","status-publish","hentry"],"jetpack_sharing_enabled":true,"_links":{"self":[{"href":"https:\/\/www.lirapopular.cl\/lirapopularxix\/wp-json\/wp\/v2\/pages\/11846","targetHints":{"allow":["GET"]}}],"collection":[{"href":"https:\/\/www.lirapopular.cl\/lirapopularxix\/wp-json\/wp\/v2\/pages"}],"about":[{"href":"https:\/\/www.lirapopular.cl\/lirapopularxix\/wp-json\/wp\/v2\/types\/page"}],"author":[{"embeddable":true,"href":"https:\/\/www.lirapopular.cl\/lirapopularxix\/wp-json\/wp\/v2\/users\/1"}],"replies":[{"embeddable":true,"href":"https:\/\/www.lirapopular.cl\/lirapopularxix\/wp-json\/wp\/v2\/comments?post=11846"}],"version-history":[{"count":0,"href":"https:\/\/www.lirapopular.cl\/lirapopularxix\/wp-json\/wp\/v2\/pages\/11846\/revisions"}],"wp:attachment":[{"href":"https:\/\/www.lirapopular.cl\/lirapopularxix\/wp-json\/wp\/v2\/media?parent=11846"}],"curies":[{"name":"wp","href":"https:\/\/api.w.org\/{rel}","templated":true}]}}