{"id":10607,"date":"2020-07-15T17:52:05","date_gmt":"2020-07-15T21:52:05","guid":{"rendered":"https:\/\/www.lirapopular.cl\/lirapopularxix\/?page_id=10607"},"modified":"2020-07-15T17:52:05","modified_gmt":"2020-07-15T21:52:05","slug":"el-nacimiento-del-nino-con-tres-cabezas","status":"publish","type":"page","link":"https:\/\/www.lirapopular.cl\/lirapopularxix\/el-nacimiento-del-nino-con-tres-cabezas\/","title":{"rendered":"El nacimiento del ni\u00f1o con tres cabezas en el Romeral <br>Las dos comadres que se mataron por el amor de un joven. El diablo atorado"},"content":{"rendered":"\n<div class=\"wp-block-image\"><figure class=\"alignright size-medium\"><a href=\"https:\/\/www.lirapopular.cl\/lirapopularxix\/wp-content\/uploads\/2020\/07\/LO0012588.jpg\"><img loading=\"lazy\" decoding=\"async\" width=\"300\" height=\"199\" src=\"https:\/\/www.lirapopular.cl\/lirapopularxix\/wp-content\/uploads\/2020\/07\/LO0012588-300x199.jpg\" alt=\"\" class=\"wp-image-10608\" srcset=\"https:\/\/www.lirapopular.cl\/lirapopularxix\/wp-content\/uploads\/2020\/07\/LO0012588-300x199.jpg 300w, https:\/\/www.lirapopular.cl\/lirapopularxix\/wp-content\/uploads\/2020\/07\/LO0012588-768x510.jpg 768w, https:\/\/www.lirapopular.cl\/lirapopularxix\/wp-content\/uploads\/2020\/07\/LO0012588.jpg 1000w\" sizes=\"auto, (max-width: 300px) 100vw, 300px\" \/><\/a><figcaption>Archivo de Literatura Oral<br>Colecci\u00f3n Alamiro de \u00c1vila<\/figcaption><\/figure><\/div>\n\n\n\n<p>Autor: Esta es propiedad del autor quien prohibe la reimpresi\u00f3n de la obra. Jos\u00e9 Hip\u00f3lito Casas Cordero, Santiago, calle Ech\u00e1urren, esq. de Gay<br>Impresor: Sin informaci\u00f3n<br>Tama\u00f1o: 55 x 39 cm<br>Clasificaci\u00f3n: BN C\u00f3digo:\u00a0LO0012588 &#8211; LO0012620<\/p>\n\n\n\n<ul class=\"wp-block-list\"><li><a href=\"https:\/\/www.lirapopular.cl\/lirapopularxix\/2020\/07\/18\/el-nacimiento-del-nino-con-tres-cabezas-en-el-romeral\/\">El nacimiento del ni\u00f1o con tres cabezas en El Romeral<\/a><\/li><li><a href=\"https:\/\/www.lirapopular.cl\/lirapopularxix\/2020\/07\/18\/las-dos-comadres-que-se-mataron-por-el-amor-de-un-joven\/\">Las dos comadres que se mataron por el amor de un joven<\/a><\/li><li><a href=\"https:\/\/www.lirapopular.cl\/lirapopularxix\/2020\/07\/18\/el-diablo-atorado-por-ansioso\/\">El diablo atorado por ansioso<\/a><\/li><li><a href=\"https:\/\/www.lirapopular.cl\/lirapopularxix\/2020\/07\/18\/jesus-en-el-calvario-2\/\">Jes\u00fas en el Calvario<\/a><\/li><li><a href=\"https:\/\/www.lirapopular.cl\/lirapopularxix\/2020\/07\/18\/el-muerto-a-punaladas-en-la-calle-de-frankin\/\">El muerto a pu\u00f1aladas en la calle de Franklin<\/a><\/li><li><a href=\"https:\/\/www.lirapopular.cl\/lirapopularxix\/2020\/07\/18\/el-piojo-intruso\/\">El piojo intruso<\/a><\/li><li><a href=\"https:\/\/www.lirapopular.cl\/lirapopularxix\/2020\/07\/18\/diversas-cuecas-de-la-chorera\/\">Diversas cuecas de la chorera<\/a><\/li><\/ul>\n\n\n\n<p>Nota: El 1er ejemplar tiene escrito a mano con l\u00e1piz azul \u201c23\u201d y con plum\u00f3n &#8220;262&#8221;. Por el reverso con l\u00e1piz negro &#8220;154&#8221;.<br>El 2\u00ba ejemplar tiene escrito a mano con plum\u00f3n \u201c294\u201d y con plum\u00f3n &#8220;262&#8221;. Por el reverso sobre un papel &#8220;43&#8221;.<br>Documentos optimizados digitalmente.<\/p>\n\n\n\n<div class=\"wp-block-image\"><figure class=\"alignright size-medium\"><a href=\"https:\/\/www.lirapopular.cl\/lirapopularxix\/wp-content\/uploads\/2020\/07\/LO0012620.jpg\"><img loading=\"lazy\" decoding=\"async\" width=\"300\" height=\"201\" src=\"https:\/\/www.lirapopular.cl\/lirapopularxix\/wp-content\/uploads\/2020\/07\/LO0012620-300x201.jpg\" alt=\"\" class=\"wp-image-10609\" srcset=\"https:\/\/www.lirapopular.cl\/lirapopularxix\/wp-content\/uploads\/2020\/07\/LO0012620-300x201.jpg 300w, https:\/\/www.lirapopular.cl\/lirapopularxix\/wp-content\/uploads\/2020\/07\/LO0012620-768x515.jpg 768w, https:\/\/www.lirapopular.cl\/lirapopularxix\/wp-content\/uploads\/2020\/07\/LO0012620.jpg 1000w\" sizes=\"auto, (max-width: 300px) 100vw, 300px\" \/><\/a><figcaption>Archivo de Literatura Oral<br>Colecci\u00f3n Alamiro de \u00c1vila<\/figcaption><\/figure><\/div>\n","protected":false},"excerpt":{"rendered":"<p>Autor: Esta es propiedad del autor quien prohibe la reimpresi\u00f3n de la obra. Jos\u00e9 Hip\u00f3lito Casas Cordero, Santiago, calle Ech\u00e1urren, esq. de GayImpresor: Sin informaci\u00f3nTama\u00f1o: 55 x 39 cmClasificaci\u00f3n: BN C\u00f3digo:\u00a0LO0012588 &#8211; LO0012620 El nacimiento del ni\u00f1o con tres cabezas en El Romeral Las dos comadres que se mataron por el amor de un joven [&hellip;]<\/p>\n","protected":false},"author":1,"featured_media":0,"parent":0,"menu_order":0,"comment_status":"closed","ping_status":"closed","template":"","meta":{"footnotes":""},"class_list":["post-10607","page","type-page","status-publish","hentry"],"jetpack_sharing_enabled":true,"_links":{"self":[{"href":"https:\/\/www.lirapopular.cl\/lirapopularxix\/wp-json\/wp\/v2\/pages\/10607","targetHints":{"allow":["GET"]}}],"collection":[{"href":"https:\/\/www.lirapopular.cl\/lirapopularxix\/wp-json\/wp\/v2\/pages"}],"about":[{"href":"https:\/\/www.lirapopular.cl\/lirapopularxix\/wp-json\/wp\/v2\/types\/page"}],"author":[{"embeddable":true,"href":"https:\/\/www.lirapopular.cl\/lirapopularxix\/wp-json\/wp\/v2\/users\/1"}],"replies":[{"embeddable":true,"href":"https:\/\/www.lirapopular.cl\/lirapopularxix\/wp-json\/wp\/v2\/comments?post=10607"}],"version-history":[{"count":0,"href":"https:\/\/www.lirapopular.cl\/lirapopularxix\/wp-json\/wp\/v2\/pages\/10607\/revisions"}],"wp:attachment":[{"href":"https:\/\/www.lirapopular.cl\/lirapopularxix\/wp-json\/wp\/v2\/media?parent=10607"}],"curies":[{"name":"wp","href":"https:\/\/api.w.org\/{rel}","templated":true}]}}